 u + -1. Calculate n(c).
-3
Let j(b) = -5*b**3 - 3*b + 5*b - 2*b**2 + 6 + 0*b - 9*b. Let r(l) = 4*l**3 + 2*l**2 + 6*l - 5. Let m(v) = 5*j(v) + 6*r(v). What is m(2)?
2
Let w(t) = 4*t + 6. Let o(s) = -2*s + 3. Let h(q) = -4*q + 7. Let v(b) = -6*h(b) + 13*o(b). Let m(l) = 5*v(l) + 3*w(l). Give m(-6).
-9
Let t = 33 + -25. Suppose 0 = -5*k + 33 - t. Let i(g) = g + 2. Calculate i(k).
7
Suppose 0 = -5*x + 4*q + 74, -x + 24 = x + 4*q. Suppose -7*s = -5*s + x. Let i(a) = a + 9. Give i(s).
2
Suppose k + 5*w = -8, 4*w + 6 = 4*k + 62. Let q(h) = h**2 + 15*h + 1. What is q(k)?
-25
Let n(m) = m**2 + 8*m + 9. Let b be n(-7). Let z(j) be the third derivative of 7/24*j**4 + 0*j + 0 + 1/6*j**3 + j**2. Give z(b).
15
Let x(u) = u - 6. Let f = 90 + -84. Determine x(f).
0
Suppose -4*o + 4*g + 9 = -5*o, -3*o + g + 12 = 0. Let b(s) = -s**3 + 2*s**o + 4 - s + 2 - s**2 - 5. Determine b(2).
3
Suppose -5*q - 7 = -3*p - 2, 2*p - 8 = q. Let i(v) = -5*v**q - 4*v + v**3 + 3*v + 9 - 2*v - 4*v. Suppose -25 = -4*y - 1. Calculate i(y).
3
Let a(n) = n**3 + 14*n**2 + 15*n + 28. Let t be a(-13). Let b(v) be the second derivative of t*v + 1/12*v**4 - 3/2*v**2 + 0 + 1/3*v**3. Determine b(-3).
0
Let r(m) = 3 - 2060*m**3 + 2061*m**3 + 5*m - 2 - 7*m**2. Give r(4).
-27
Suppose -3*p + 42 = 4*p. Let s(f) = -3*f + 1. Calculate s(p).
-17
Let c(a) = -13*a**3 + 10*a**2 - a - 4*a**2 - 6*a**2. Determine c(1).
-14
Let w = 17 + -12. Suppose 0*s + 4 = 3*t + s, -4*t - w*s + 9 = 0. Let d(g) = -6*g**2 + 1. Calculate d(t).
-5
Let h(j) = -9*j - 29. Let k(b) be the first derivative of 5*b**2/2 + 15*b + 20. Let w(i) = 6*h(i) + 11*k(i). Give w(4).
-5
Let i be ((-128)/40 - -3)*-20. Let r(j) be the second derivative of 2*j + 2/3*j**3 + 1/6*j**i + 0 + 0*j**2. What is r(-4)?
16
Let l(f) = f**3 - 2*f**2 - 3*f - 4. Let b be l(3). Let j = 7 + b. Let p(m) = -4*m**2 + 81*m + 2 - 80*m + j*m**2. Calculate p(2).
0
Let h(c) = 10*c**3 - c**2 - c - 6. Let g(n) = -7*n**3 + 2*n**2 + 2*n + 5. Let d(u) = 3*g(u) + 2*h(u). What is d(5)?
-2
Let u(h) = h + 1 + 0*h + 0*h + h**2. Suppose -16*l + 30 = 39 + 39. Determine u(l).
7
Let u(g) = 14*g**3 + 8*g**2 - 5*g + 6. Let v(y) = -y**3 - y**2 + y - 1. Let o(s) = -u(s) - 6*v(s). Give o(-2).
58
Let m = 23 - 17. Suppose -m*w = 32 - 8. Let r be (0*2/w)/2. Let i(y) = -y**3 + y**2 - y + 6. Give i(r).
6
Suppose 4*b + 31*x = 34*x - 36, x = 4*b + 36. Let w(s) = s**2 + 10*s + 15. What is w(b)?
6
Let u(w) = -w**3 - 12*w**2 - 12*w - 4. Let b be u(-11). Let x(v) = -37 - 8*v**2 + 34 + 7 + 7*v + v**3. Determine x(b).
4
Let s(r) = r + 5. Let w(o) = -6*o - 28. Let u(y) = 11*s(y) + 2*w(y). What is u(-4)?
3
Let j be 30*(20/6 + -3). Suppose -4*y = -2 + j. Let w(m) = 7*m**2 - 3*m**2 + m**3 + 2 - 2*m**2 + m. Calculate w(y).
0
Let o(k) = 2*k**2 + 5*k - 6. Let u be ((-24)/2 - 1)*(1 - 0). Let j(y) = y**2 + 2*y - 3. Let t(m) = u*j(m) + 6*o(m). Calculate t(3).
6
Let x(s) = -2*s**2 + 1. Let j(g) be the second derivative of -g**5/20 - g**4/6 - g**3/6 - g**2/2 - 9*g. Let p be j(0). Give x(p).
-1
Let r(j) = 4*j - 3. Suppose 5*q + 2*x - 59 = 0, 3*x + 38 = 2*q - x. Suppose -4*o - q + 21 = 0. Suppose -5*k = -t - 2, 6*t - o*t = 4*k + 8. Determine r(t).
9
Let a be -1*(-12)/(-8) + -1 + 3. Let h(g) be the second derivative of -g**2 + 1/3*g**4 + 1/20*g**5 + 0 + 10*g + a*g**3. What is h(-3)?
-2
Let r = -6 + 13. Let s(v) = v**3 - 2*v**2 - 3. Let p be s(3). Let l(z) = -6*z + 2*z + p*z + 0*z. Give l(r).
14
Let k = -4 - -10. Let g be (1 - -2)/(12/20). Let m(c) = -c**2 + 3 - 5 + 0*c**2 + g*c + 0*c**2. What is m(k)?
-8
Let o(t) = -t**3 - 8*t**2 + 9*t + 4. Let a be o(-9). Let y = -549 - -631. Let w(z) = -y*z**2 + a*z**3 - z + 3 + 78*z**2 - 5*z**3. What is w(-4)?
7
Let p(k) be the first derivative of 2*k + 3*k - 6 - 5*k**2 + 0*k - 6*k. Give p(1).
-11
Let t(d) = -32*d + 31*d + 2*d + 5. Calculate t(-6).
-1
Let a(q) be the third derivative of -q**4/24 - 5*q**2. Let v(b) = b**3 + 6*b**2 - 11*b + 8. Let r(x) = -6*a(x) + v(x). Determine r(-7).
-6
Suppose 0 = 3*v + 3. Let z(n) = -5*n**2 - n + 4. Let y(h) be the second derivative of -h**4/12 + h**2/2 - 7*h. Let s(p) = v*z(p) + 6*y(p). Give s(3).
-4
Let l be ((-70)/22 - 6/(-33))/1. Let z(r) = -r**2 - 4*r + 1. Determine z(l).
4
Suppose 3*q - 74 = -5*h, 6 = -q + 4. Let w(z) = -3*z + 27. Give w(h).
-21
Let u(q) = -2*q + 1. Suppose -3*i + s = -4, s = 2*i + 5*s - 12. Let r = -12 - -30. Let v be 6/r - i/(-3). Determine u(v).
-1
Suppose -k - 4*m = 3*k - 116, -3*k = m - 77. Let h be (-15)/(-10)*k/9 + -4. Let v(u) = 2*u + 0*u - 3*u. Determine v(h).
0
Let n(h) = h**3 - 6*h**2 + h - 4. Suppose -9*s = -2*s + 343. Let g = 55 + s. What is n(g)?
2
Let p(d) = -d**3 + 6*d**2 + 2*d + 1. Suppose 26 = r + 5*o, r + 2 = 3*o - 4. What is p(r)?
13
Let c(b) = 16*b**3 - 14*b**2 - 6*b - 19. Let u(n) = -3*n**3 + 3*n**2 + n + 4. Let x(f) = -2*c(f) - 11*u(f). Suppose -4*q + 19 = -1. Calculate x(q).
-1
Let w = 23 - 27. Let c(l) = l**3 + 3*l**2 - 4*l - 1. Let y be c(w). Let r(i) = 1 + 0 + 0*i + 5*i. Give r(y).
-4
Let h be 32/(-12)*-1*108/48. Let n(f) = -f**2 + 6*f - 9. What is n(h)?
-9
Let b = 303 + -298. Let o(u) be the third derivative of 0 - 8*u**2 + 1/60*u**b - 1/4*u**4 + u**3 + 0*u. Calculate o(4).
-2
Suppose 4*v + 24 = -0. Let m = v + 4. Let g(n) be the first derivative of -5*n**2/2 + n + 21. Calculate g(m).
11
Let h(c) = -4*c - 5. Let m = 79 - 89. Determine h(m).
35
Let m(l) = 4*l**2 + 3*l + 3. Let w be m(-2). Suppose 11*f = w*f - 10. Let n(q) = q**2 - 4*q + 1. Give n(f).
6
Let f(k) = k**3 - k**2 + k - 2. Suppose 2 = -3*n + 8. Suppose 4*a + 12 = 2*x, -n*a - 2 = 4. Give f(x).
-2
Let u(s) = s**2 - 11*s - 11. Let g be u(12). Suppose 8*j = 5*j - 3. Let b = g - j. Let l(q) = q**2 - 2*q. What is l(b)?
0
Let c(s) = 2*s + 23. Let q be c(-11). Let z(p) = p - 7*p + q + p + 7*p. What is z(4)?
9
Let p(m) = -1905 + 12*m + 1877 + 0*m**2 + m**2. Calculate p(-14).
0
Let q(f) = -2*f**3 - 2*f**2 + 4*f**3 - 3*f**3 + 1. Let c be (22/(-33))/(4/6). What is q(c)?
0
Suppose 6*z = -18 + 66. Let y be 2 + z/(-2) - 42. Let c be 22/8 - 11/y. Let w(q) = -q**3 + 2*q**2 + 2*q + 1. Calculate w(c).
-2
Let j(t) = t**3 + 7*t**2 + 5*t - 4. Let v(n) = -n**2 - n + 1. Let k(x) = -j(x) + 3*v(x). Let d be 6/((-33)/(1089/22)). Give k(d).
-2
Let r(z) = 7*z - 8. Let p be r(1). Let u(j) = 18*j**3 - 2*j**2 + 1. What is u(p)?
-19
Let n(t) be the third derivative of t**6/120 - t**4/24 - 67*t**2. Determine n(-3).
-24
Let v(l) = l**2 - 3*l - 4. Let h(o) = 2*o + 8 - 11 + 2*o**2 - 7*o - o. Let f be h(4). Suppose 4*z - 2*r - 2*r = 28, -f*z = -2*r - 29. Determine v(z).
6
Let i(l) be the third derivative of -l**4/12 - l**3/3 - l**2. Let s be 140/14*3/6. Calculate i(s).
-12
Let l(p) = p**2 + p - 1. Suppose -2*r + 4 = 2*r. Let t(y) = 2*y**2 + 9*y - 8. Let m(q) = r*t(q) - 5*l(q). Determine m(2).
-7
Let c(o) = 2*o + 4. Let d(r) = 2*r - 2 + 1 + 2*r - 5*r. Suppose 10 = -2*t - 3*g + 7*g, -5*t = 5*g - 35. Let u be d(t). Determine c(u).
-4
Let a(q) = q**2 - 6*q - 5. Let x be a(7). Let v(r) = 1. Let t(c) = -6*c**2 - 4*c. Let z(g) = x*v(g) - t(g). What is z(-2)?
18
Let w(p) = -37*p - 53. Let k(h) = 15*h + 27. Let t(f) = -5*k(f) - 2*w(f). Calculate t(-23).
-6
Let b(r) = r + 2. Let u be b(5). Let s(m) = -5*m - 21. Let g(v) = -3*v - 11. Let w(h) = 7*g(h) - 4*s(h). Determine w(u).
0
Let v(k) be the first derivative of -5*k**4/12 + 2*k**3/3 - 3*k**2/2 + 3*k - 6. Let t(g) be the first derivative of v(g). What is t(2)?
-15
Let w(a) = -3*a + 17. Suppose 5*j + 2*v - 22 = 0, -3*j + 9 = -v - 13. Calculate w(j).
-1
Let w(n) be the first derivative of -n**2 - 11 + 2/3*n**3 - n. Calculate w(-1).
3
Suppose 17 = 5*i - 3. Suppose d = -3*m - 24, -2*m - i = -0*m. Let k = -20 - d. Let b(f) = f**2 - f. Determine b(k).
6
Let c be (18/(-45))/(((-54)/30)/3). Let u(q) be the third derivative of 0 + 0*q - 1/6*q**4 + c*q**3 + 8*q**2. What is u(3)?
-8
Let j(p) = p - 6. Let w(a) = a**2 + 33*a + 147. Let f be w(-28). Give j(f).
1
Let n = 8 + -2. Suppose -3*d = -0*d - 18. Let b(l) = -28*l - 1 - d + 29*l. Calculate b(n).
-1
Let t(l) = l**2 - 14*l + 12. Let q be 244/28 + (-4)/(-84)*6. Calculate t(q).
-33
Suppose 5*i - 26 = i - 2*h, -5*i = -4*h - 13. Let j(y) = -y - i*y + 2 + 3*y + 2*y. Calculate j(4).
-2
Let u(l) = l**2 - 4*l - 1. Suppose c + 4*k = 20, 4*c + 16 = -2*k + 96. Suppose -2*g + a - c = -9, -5*a = 